 by 12.
0
Calculate the remainder when 2718 is divided by 562.
470
What is the remainder when 29756 is divided by 2973?
26
What is the remainder when 73211 is divided by 71?
10
Calculate the remainder when 37547 is divided by 1126.
389
Calculate the remainder when 1321 is divided by 608.
105
Calculate the remainder when 412603 is divided by 24270.
13
Calculate the remainder when 76223 is divided by 38052.
119
What is the remainder when 1045720 is divided by 73?
68
What is the remainder when 1918 is divided by 13?
7
Calculate the remainder when 3404 is divided by 576.
524
What is the remainder when 78122 is divided by 19528?
10
What is the remainder when 22381 is divided by 36?
25
What is the remainder when 31026 is divided by 3102?
6
What is the remainder when 71971 is divided by 23981?
28
What is the remainder when 7409 is divided by 415?
354
Calculate the remainder when 89455 is divided by 105.
100
What is the remainder when 1197489 is divided by 399159?
12
What is the remainder when 20091 is divided by 5?
1
Calculate the remainder when 160702 is divided by 288.
286
What is the remainder when 46234 is divided by 282?
268
What is the remainder when 417987 is divided by 26124?
3
Calculate the remainder when 16152 is divided by 82.
80
What is the remainder when 86634 is divided by 285?
279
What is the remainder when 4123 is divided by 260?
223
What is the remainder when 36791 is divided by 36771?
20
What is the remainder when 3266 is divided by 482?
374
What is the remainder when 38191 is divided by 28?
27
Calculate the remainder when 13568 is divided by 75.
68
What is the remainder when 5190 is divided by 1037?
5
What is the remainder when 8975 is divided by 4438?
99
What is the remainder when 23166 is divided by 421?
11
What is the remainder when 24519 is divided by 481?
469
What is the remainder when 14079 is divided by 158?
17
What is the remainder when 51750 is divided by 227?
221
What is the remainder when 19482 is divided by 9?
6
What is the remainder when 17415369 is divided by 230?
229
Calculate the remainder when 1625 is divided by 449.
278
Calculate the remainder when 2402 is divided by 1125.
152
What is the remainder when 6301 is divided by 887?
92
Calculate the remainder when 4306 is divided by 34.
22
What is the remainder when 36963 is divided by 61?
58
What is the remainder when 578 is divided by 103?
63
What is the remainder when 1359 is divided by 667?
25
What is the remainder when 38951 is divided by 12?
11
What is the remainder when 527631 is divided by 271?
265
What is the remainder when 6834 is divided by 175?
9
Calculate the remainder when 12995 is divided by 1084.
1071
Calculate the remainder when 161966 is divided by 218.
210
What is the remainder when 24765 is divided by 1128?
1077
What is the remainder when 121305 is divided by 206?
177
What is the remainder when 191678 is divided by 69?
65
What is the remainder when 261273 is divided by 91?
12
Calculate the remainder when 944107 is divided by 190.
187
What is the remainder when 182416 is divided by 186?
136
What is the remainder when 109697 is divided by 19?
10
What is the remainder when 6161 is divided by 6155?
6
What is the remainder when 3820 is divided by 1026?
742
Calculate the remainder when 17276 is divided by 128.
124
Calculate the remainder when 18571 is divided by 278.
223
Calculate the remainder when 1821 is divided by 101.
3
What is the remainder when 5399 is divided by 1053?
134
Calculate the remainder when 145963 is divided by 14.
13
Calculate the remainder when 36211 is divided by 36.
31
Calculate the remainder when 323418 is divided by 2060.
2058
What is the remainder when 336716 is divided by 168354?
8
Calculate the remainder when 253297 is divided by 85.
82
What is the remainder when 554 is divided by 197?
160
Calculate the remainder when 3491 is divided by 313.
48
What is the remainder when 82726 is divided by 173?
32
Calculate the remainder when 260886 is divided by 100.
86
What is the remainder when 221 is divided by 17?
0
What is the remainder when 2549 is divided by 421?
23
What is the remainder when 1847 is divided by 546?
209
What is the remainder when 131053 is divided by 131052?
1
Calculate the remainder when 2481 is divided by 277.
265
What is the remainder when 66974 is divided by 279?
14
Calculate the remainder when 47543 is divided by 634.
627
What is the remainder when 1109700 is divided by 184?
180
Calculate the remainder when 3925 is divided by 48.
37
What is the remainder when 25800 is divided by 1702?
270
Calculate the remainder when 131830 is divided by 37.
36
Calculate the remainder when 83492 is divided by 1992.
1820
Calculate the remainder when 9923 is divided by 24.
11
What is the remainder when 18551 is divided by 94?
33
Calculate the remainder when 1891 is divided by 328.
251
What is the remainder when 1698773 is divided by 163?
150
What is the remainder when 55536 is divided by 67?
60
What is the remainder when 104423 is divided by 916?
915
Calculate the remainder when 19767 is divided by 238.
13
What is the remainder when 46557 is divided by 5173?
0
Calculate the remainder when 1959611 is divided by 653202.
5
Calculate the remainder when 66059 is divided by 66.
59
Calculate the remainder when 37766 is divided by 12569.
59
What is the remainder when 23742 is divided by 7619?
885
What is the remainder when 34160 is divided by 17062?
36
Calculate the remainder when 10402 is divided by 342.
142
Calculate the remainder when 23146 is divided by 830.
736
Calculate the remainder when 40872 is divided by 382.
380
Calculate the remainder when 42137 is divided by 555.
512
Calculate the remainder when 65560 is divided by 47.
42
Calculate the remainder when 19204 is divided by 206.
46
Calculate the remainder when 582771 is divided by 23.
20
Calculate the remainder when 36837 is divided by 120.
117
Calculate the remainder when 1165755 is divided by 61355.
10
Calculate the remainder when 114186 is divided by 270.
246
Calculate the remainder when 4375 is divided by 316.
267
What is the remainder when 137365 is divided by 28?
25
Calculate the remainder when 2058987 is divided by 6.
3
Calculate the remainder when 11034 is divided by 10919.
115
Calculate the remainder when 42161 is divided by 19.
0
Calculate the remainder when 8003 is divided by 26.
21
What is the remainder when 1431 is divided by 151?
72
Calculate the remainder when 1275989 is divided by 22.
11
Calculate the remainder when 33945 is divided by 293.
250
Calculate the remainder when 102507 is divided by 9.
6
What is the remainder when 14393 is divided by 14286?
107
Calculate the remainder when 255 is divided by 148.
107
What is the remainder when 535 is divided by 282?
253
What is the remainder when 2392 is divided by 1196?
0
Calculate the remainder when 6838 is divided by 3404.
30
Calculate the remainder when 717 is divided by 237.
6
What is the remainder when 3763 is divided by 410?
73
Calculate the remainder when 15729 is divided by 1310.
9
What is the remainder when 38878 is divided by 180?
178
Calculate the remainder when 58664 is divided by 85.
14
What is the remainder when 22744 is divided by 70?
64
What is the remainder when 752 is divided by 249?
5
Calculate the remainder when 9695 is divided by 8793.
902
What is the remainder when 8287 is divided by 2761?
4
What is the remainder when 243883 is divided by 28?
3
Calculate the remainder when 417634 is divided by 57.
52
What is the remainder when 960 is divided by 310?
30
Calculate the remainder when 497 is divided by 263.
234
What is the remainder when 1877 is divided by 583?
128
Calculate the remainder when 836 is divided by 701.
135
What is the remainder when 2885 is divided by 71?
45
What is the remainder when 1016 is divided by 336?
8
What is the remainder when 744 is divided by 466?
278
Calculate the remainder when 27679 is divided by 1384.
1383
What is the remainder when 9937 is divided by 9896?
41
Calculate the remainder when 7126 is divided by 1484.
1190
Calculate the remainder when 12832 is divided by 262.
256
What is the remainder when 2061 is divided by 685?
6
Calculate the remainder when 12715 is divided by 4229.
28
Calculate the remainder when 5195 is divided by 293.
214
Calculate the remainder when 365